t are the prime factors of o?
2, 3
Let j(p) = 11*p**3 + p**2 - 2*p + 1. Let s be j(3). Suppose -3*c + 5*z + 151 + s = 0, 2*z = -c + 147. Suppose -9*o + c = -427. List the prime factors of o.
2
Let j(w) = 3*w**3 - 8*w**2 - 30*w + 16. Let s(y) = 10*y**3 - 23*y**2 - 87*y + 47. Let t(z) = 7*j(z) - 2*s(z). What are the prime factors of t(17)?
1429
Let k be (5/((-10)/408))/(-1). Suppose 5*l - 2*l + 153 = -3*v, 4*l = -v - k. List the prime factors of ((-50)/5)/(-3*(-2)/l).
5, 17
Let z(p) = -p**3 - p**2 - 3*p - 7. Let t be z(-2). What are the prime factors of (1 - 1 - t)/(60/(-920))?
2, 23
Suppose 4*s + 18876 = 179668 + 57832. What are the prime factors of s?
2, 7, 61
Let n(d) be the third derivative of d**5/60 + d**4/3 + 11*d**3/6 - 12*d**2. Let o be n(-7). Suppose -2*p - o*p + 1086 = 0. List the prime factors of p.
181
Let k(o) = 10*o - 11. Let w = 134 - 92. Let j be (((-16)/(-6))/1)/(14/w). List the prime factors of k(j).
3, 23
List the prime factors of (-25)/(-5) + -43603*(-1)/7.
2, 3, 1039
Let d be (-551)/5 + 16/(-20) + 1. Let l = d + 112. Suppose -3*s - 5*c = -c - 603, -l*s = 2*c - 402. What are the prime factors of s?
3, 67
Let i(a) = -11*a**2 + 88*a + 4. Let v be i(8). Suppose 3*y = -v*b + 4365, -870 - 1302 = -2*b + 2*y. List the prime factors of b.
3, 11
Let a = 1672 - 1346. Suppose -4*w + w = 570. Let v = a + w. What are the prime factors of v?
2, 17
What are the prime factors of ((-1)/(-8))/((-218)/(-23542256))?
13499
Let y(a) = 333*a + 103. Suppose 301*z - 9 = 298*z. What are the prime factors of y(z)?
2, 19, 29
Let m = 0 - -3. Suppose 5*r = y + 351 - 1594, -m*r - 3*y - 753 = 0. Let s = r - -442. List the prime factors of s.
193
Let s = 18389 - -14728. What are the prime factors of s?
3, 7, 19, 83
Let p(n) be the third derivative of -5*n**4/12 - 5*n**3/3 - n**2. Let d(m) = 28*m + 71. Let a be d(-3). What are the prime factors of p(a)?
2, 3, 5
Suppose -97*a = -101*a. Suppose 23*f - 14015 - 6478 = a. What are the prime factors of f?
3, 11
Suppose -w + 149 = d, 2*d = 5*w + 186 + 140. Suppose 2*j + 51 = d. What are the prime factors of j?
3, 17
Let u = -33854 + 52869. What are the prime factors of u?
5, 3803
Let v(w) = -w**2 + 16*w - 8. Let f = 13 + -11. Suppose -4*b = -u + 15, f*u - 29 = -b - 8. What are the prime factors of v(u)?
47
Suppose 30*d - 5*d - 275 = 0. Suppose -d*g - 57 = -12*g. What are the prime factors of g?
3, 19
Let u be (-65)/(-55) + 2/(-11). List the prime factors of (u/3*467)/((-114)/(-342)).
467
Let r(x) = 11*x**2 - 6*x + 11. Let y be r(3). Let b = y + -83. Suppose 10*p - 5035 = -b*p. What are the prime factors of p?
5, 53
Let p(w) = 2*w**2 - 43*w + 21. Let j be p(21). Suppose -4*m - 2*n - 52 = j, 2*m = 5*m + n + 40. What are the prime factors of (3 - m/(-4))/(2/(-620))?
5, 31
Let u be 44/6 + 2/(-6). Let f(a) = 2*a**3 - 10*a**2 + a. List the prime factors of f(u).
7, 29
Let g = 13484 + -5938. What are the prime factors of g?
2, 7, 11
Suppose 130*v + z + 8664 = 134*v, -4338 = -2*v + 2*z. What are the prime factors of v?
5, 433
Let r be 6 + (4 - (-1 - -7)). Suppose x - 377 = -4*b, -4*x - x = r*b - 1901. List the prime factors of x.
3, 127
What are the prime factors of 621408/57 + ((-138)/483 - (-104)/266)?
2, 3, 23, 79
Let d(r) = -11*r + 23 - 14 + 18. Let i = -25 + 18. List the prime factors of d(i).
2, 13
Let y = -2766 + 10162. What are the prime factors of y?
2, 43
Let v = -210 + 229. Suppose -v*n = -9495 - 347. List the prime factors of n.
2, 7, 37
Let q(d) = 30*d**2 - 11*d + 10. Let k be q(1). Suppose 17*c = k*c - 552. What are the prime factors of c?
2, 23
Let x(n) = -4*n**3 + 120*n**2 - 82*n - 46. What are the prime factors of x(29)?
2, 5, 47
Let j = 17487 - -34138. What are the prime factors of j?
5, 7, 59
Let b = -21640 + 30328. List the prime factors of b.
2, 3, 181
Suppose 0 = 4*x - 332 - 32. Let o = x - 79. Suppose -576 = 8*d - o*d. List the prime factors of d.
2, 3
What are the prime factors of (-6 - -13) + (-30)/36 + (-408633)/(-18)?
2, 7, 811
Let o be (5/(30/8))/((-2)/42). List the prime factors of (-2268)/o*10/6.
3, 5
Suppose 4*u = 5*t - 0*t - 110, -5*t + 5*u + 110 = 0. Suppose -20 = -t*y + 17*y. List the prime factors of 546/y + ((-21)/6 - -4).
137
Suppose -2*x = 729 - 715, 2*x = 6*h - 245648. What are the prime factors of h?
40939
What are the prime factors of (-6)/4*(10 - 15102/27)?
2, 103
Suppose d - 315 = -a, -3*d + 951 = 3*a - 6*d. Let f = a - 92. Suppose -f = -7*x + 490. What are the prime factors of x?
2, 3, 17
Let k be -3 - -6 - 3/(6/(-142)). Let u = k + -78. What are the prime factors of (-3 + (-14)/u)*-1*-258?
3, 43
Let q be 0 - 1194/((-30)/(-5)). Let k = q + 541. List the prime factors of k.
2, 3, 19
Let b(i) = -41975*i**3 + 3*i**2 - 109*i - 112. List the prime factors of b(-1).
5, 23, 73
Let h = -35 + 36. Let y be ((-4)/7)/(h/((-14)/4)). Suppose n = -z + 5*n + 66, -y*n + 170 = 3*z. What are the prime factors of z?
2, 29
Let s(b) = -13*b**3 + 157*b - 294. List the prime factors of s(-17).
2, 3, 10151
Let p = -204 - -360. Suppose 0 = -0*r - 2*r + p. Let t = r - 34. What are the prime factors of t?
2, 11
What are the prime factors of (-14)/(-22 + 8)*(13400 - 1)?
13399
What are the prime factors of 16026/(16/40*15)?
2671
Let d = 51 + -48. Suppose r + d*k = -3*r + 36, 0 = 3*r - 5*k - 27. What are the prime factors of ((-213)/r)/(85/30 - 3)?
2, 71
Suppose -18*z - 6980 = 8284. Let s = -282 - z. What are the prime factors of s?
2, 283
Suppose v + 6 = 5, 2*v = 5*n - 552. List the prime factors of (-18)/33 - (-26680)/n.
2, 11
Let s(k) be the third derivative of 0 - 12*k - 3/2*k**3 + 23/24*k**4 + k**2. What are the prime factors of s(10)?
13, 17
List the prime factors of 1959/(36/252*(4 - 1)).
7, 653
Let c(m) = -m**3 + 6*m + 9. Let d be c(3). Suppose -4*n = g - 286, -n - 366 = -6*n + 3*g. Suppose d = -k + 3*k - n. List the prime factors of k.
2, 3
Let q = 613 + -608. Let y(l) = -l**3 + 12*l**2 - 18*l + 51. List the prime factors of y(q).
2, 17
List the prime factors of ((-154)/(-21))/((-4)/(-5106)).
11, 23, 37
Let y be 246/48 + (0 - (-1)/(-8)). Suppose 4*n + y = 13. Suppose -2*v - n*i = -434, -6*v + 1085 = -v - 4*i. List the prime factors of v.
7, 31
Suppose 4*l - 17 - 14 = -3*j, 5*j + 4*l - 65 = 0. Suppose j = 10*c + 57. What are the prime factors of -1 - c/6*-3 - -131?
2
Let o(x) be the third derivative of -x**5/60 - 13*x**4/24 - 27*x**2. Let a be o(-10). Suppose 0 = a*i - 29*i - 66. List the prime factors of i.
2, 3, 11
Suppose 2*l - 7336 = -3*d, 16*d - 4*l + 4888 = 18*d. What are the prime factors of d?
2, 1223
Let o(m) = m**3 + 38*m**2 - 69*m - 113. What are the prime factors of o(-17)?
7129
Let r(p) = 2*p**3 + 2*p**2 - 11*p - 6. Let v be r(5). Suppose -n = -b + 124, v = -3*b + 5*b + n. Suppose b + 218 = 3*o. What are the prime factors of o?
113
Suppose 25*g - 95290 = -18940. Suppose 453 = 7*a - g. List the prime factors of a.
3, 167
Let r(o) = -3*o**3 + 6*o + 5. Let t(c) = -4*c**3 + c**2 + 6*c + 4. Let y(j) = -3*r(j) + 2*t(j). Let x be y(5). Let d = x - 79. What are the prime factors of d?
59
Suppose -16*o + 24 = -24. List the prime factors of 16847/51 - (-2)/o.
331
Let a = -5717 - -19127. List the prime factors of a.
2, 3, 5, 149
Let f be 1*(-1 - -2)/(8/(-16)). List the prime factors of -1 - 2103/f - 68/(-136).
1051
Let w(q) = q**3 - 13*q**2 + 3*q - 2. Suppose -9 + 107 = 7*f. What are the prime factors of w(f)?
2, 59
Let a(n) be the first derivative of -n**4/2 + 10*n**3/3 + 7*n**2 + 63*n - 121. List the prime factors of a(-6).
3, 257
Suppose 4*n + n - r = 0, 0 = 2*n - 2*r. Let h be 1 - n - (0 + 0 + -69). Let b = h - 55. What are the prime factors of b?
3, 5
Suppose -52*d = -40*d - 24. Suppose 11*s + d*s = 2938. What are the prime factors of s?
2, 113
Let u be 27/(-108) + 105/4. Suppose u*j - 988 = -0*j. What are the prime factors of j?
2, 19
Suppose 2*r - 56820 = 4*v, -24687 = -2*r + 3*v + 32128. Suppose -9*m + 29*m = r. What are the prime factors of m?
2, 5, 71
Let x(p) = p**2 + p. Let o(w) = -w**2 - 2*w + 3. Let r = 1 + 0. Let g(s) = r*x(s) - o(s). What are the prime factors of g(2)?
11
Let x = 46335 - 30927. List the prime factors of x.
2, 3, 107
Suppose -14970 - 24180 - 7702 = -4*a. What are the prime factors of a?
13, 17, 53
Let j be (3 - (-50)/6) + 16/(-48). List the prime factors of 6679/j